1419740?
2, 5, 7, 10141
What are the prime factors of 21153051?
3, 2350339
List the prime factors of 62086.
2, 37, 839
What are the prime factors of 1903349?
7, 127, 2141
List the prime factors of 1209676.
2, 13, 43, 541
List the prime factors of 35329010.
2, 5, 521, 6781
What are the prime factors of 584394?
2, 3, 173, 563
What are the prime factors of 227991?
3, 75997
List the prime factors of 9390414.
2, 3, 11, 79, 1801
What are the prime factors of 42348729?
3, 29, 486767
List the prime factors of 447789.
3, 29, 5147
What are the prime factors of 738277?
23, 32099
List the prime factors of 2079400.
2, 5, 37, 281
What are the prime factors of 76169?
59, 1291
What are the prime factors of 7620089?
487, 15647
List the prime factors of 173584.
2, 19, 571
List the prime factors of 9673460.
2, 5, 67, 7219
List the prime factors of 60060.
2, 3, 5, 7, 11, 13
What are the prime factors of 4068710?
2, 5, 251, 1621
List the prime factors of 28551680.
2, 5, 19, 587
List the prime factors of 961980.
2, 3, 5, 16033
What are the prime factors of 189925?
5, 71, 107
List the prime factors of 118332.
2, 3, 19, 173
List the prime factors of 14527533.
3, 19, 254869
What are the prime factors of 36926089?
179, 206291
What are the prime factors of 2937206?
2, 1468603
List the prime factors of 3567256.
2, 7, 11, 5791
List the prime factors of 1136999.
1136999
List the prime factors of 264748.
2, 11, 547
What are the prime factors of 312519?
3, 104173
What are the prime factors of 846350?
2, 5, 16927
What are the prime factors of 1576661?
1576661
List the prime factors of 145105.
5, 29021
List the prime factors of 77517.
3, 11, 29
List the prime factors of 28190185.
5, 5638037
List the prime factors of 460061.
7, 41, 229
List the prime factors of 9078200.
2, 5, 19, 2389
What are the prime factors of 749376?
2, 3, 1301
What are the prime factors of 14811010?
2, 5, 709, 2089
List the prime factors of 1656684.
2, 3, 17, 2707
List the prime factors of 8834652.
2, 3, 245407
What are the prime factors of 2631969?
3, 292441
What are the prime factors of 3257824?
2, 101807
What are the prime factors of 12112794?
2, 3, 41, 5471
What are the prime factors of 6521948?
2, 17, 95911
What are the prime factors of 432081?
3, 13, 1231
List the prime factors of 252807.
3, 17, 4957
List the prime factors of 306739.
306739
List the prime factors of 99367.
99367
List the prime factors of 50199.
3, 29, 577
List the prime factors of 3146970.
2, 3, 5, 19, 5521
What are the prime factors of 16321?
19, 859
What are the prime factors of 1035328?
2, 7, 2311
List the prime factors of 2728254.
2, 3, 454709
List the prime factors of 552680.
2, 5, 41, 337
What are the prime factors of 8142846?
2, 3, 41, 79, 419
What are the prime factors of 552843?
3, 19, 53, 61
What are the prime factors of 5854372?
2, 241, 6073
What are the prime factors of 1090641?
3, 41, 8867
What are the prime factors of 178836?
2, 3, 7, 2129
List the prime factors of 9889348.
2, 7, 19, 29, 641
List the prime factors of 3522926.
2, 11, 79, 2027
List the prime factors of 1277459.
53, 24103
What are the prime factors of 330606?
2, 3, 18367
List the prime factors of 166354.
2, 83177
List the prime factors of 427928.
2, 149, 359
What are the prime factors of 321866?
2, 160933
What are the prime factors of 10412323?
19, 28843
List the prime factors of 5974942.
2, 881, 3391
What are the prime factors of 4483212?
2, 3, 547, 683
What are the prime factors of 1194661?
13, 7069
List the prime factors of 248119.
248119
List the prime factors of 397748.
2, 13, 7649
List the prime factors of 2827059.
3, 37, 25469
List the prime factors of 751611.
3, 7, 5113
List the prime factors of 15428881.
13, 1186837
What are the prime factors of 965264?
2, 23, 43, 61
List the prime factors of 17225502.
2, 3, 7, 107, 3833
What are the prime factors of 1726311?
3, 23, 127, 197
List the prime factors of 522499.
47, 11117
List the prime factors of 622464.
2, 3, 1621
List the prime factors of 254969.
11, 13, 1783
What are the prime factors of 44053575?
3, 5, 587381
List the prime factors of 567818.
2, 283909
What are the prime factors of 5278516?
2, 283, 4663
What are the prime factors of 13359196?
2, 1289, 2591
List the prime factors of 13791065.
5, 2758213
List the prime factors of 56642.
2, 127, 223
List the prime factors of 13728351.
3, 7, 13, 50287
What are the prime factors of 598408?
2, 131, 571
List the prime factors of 790437.
3, 173, 1523
What are the prime factors of 3436477?
11, 312407
What are the prime factors of 10573640?
2, 5, 7, 11, 3433
What are the prime factors of 3235123?
3235123
What are the prime factors of 1349740?
2, 5, 7, 31, 311
List the prime factors of 328354.
2, 13, 73, 173
List the prime factors of 1109874.
2, 3, 97, 1907
What are the prime factors of 71461?
13, 23, 239
List the prime factors of 2011407.
3, 67, 10007
List the prime factors of 128181.
3, 42727
List the prime factors of 5891631.
3, 1963877
What are the prime factors of 17511645?
3, 5, 1167443
List the prime factors of 2709731.
29, 41, 43, 53
What are the prime factors of 19492243?
59, 67, 4931
What are the prime factors of 6680192?
2, 52189
What are the prime factors of 38812?
2, 31, 313
List the prime factors of 9001770.
2, 3, 5, 61, 4919
What are the prime factors of 5424919?
97, 55927
List the prime factors of 16723.
7, 2389
List the prime factors of 21043407.
3, 7, 11, 91097
What are the prime factors of 185441?
185441
List the prime factors of 1083061.
7, 154723
List the prime factors of 7559757.
3, 279991
List the prime factors of 51204.
2, 3, 17, 251
List the prime factors of 3112189.
1097, 2837
What are the prime factors of 163256?
2, 20407
What are the prime factors of 1700351?
397, 4283
List the prime factors of 295774.
2, 41, 3607
List the prime factors of 529736.
2, 23, 2879
What are the prime factors of 1452220?
2, 5, 7, 11, 23, 41
List the prime factors of 393372.
2, 3, 7, 223
What are the prime factors of 17602789?
17602789
What are the prime factors of 174363?
3, 7, 19, 23
What are the prime factors of 151374?
2, 3, 25229
What are the prime factors of 431563?
11, 39233
List the prime factors of 134584.
2, 16823
What are the prime factors of 1238914?
2, 19, 32603
List the prime factors of 50722.
2, 7, 3623
What are the prime factors of 637509?
3, 41, 71, 73
What are the prime factors of 26583?
3, 8861
List the prime factors of 2076632.
2, 29, 8951
List the prime factors of 229629.
3, 76543
What are the prime factors of 10250829?
3, 317, 3593
List the prime factors of 299075.
5, 7, 1709
What are the prime factors of 2850770?
2, 5, 13, 21929
List the prime factors of 154407.
3, 11, 4679
What are the prime factors of 511328?
2, 19, 29
What are the prime factors of 9999823?
9999823
List the prime factors of 124126.
2, 53, 1171
What are the prime factors of 2132206?
2, 547, 1949
List the prime factors of 1703573.
1703573
What are the prime factors of 860705?
5, 79, 2179
What are the prime factors of 15868174?
2, 7, 17, 61, 1093
List the prime factors of 139926.
2, 3, 23321
List the prime factors of 2273298.
2, 3, 378883
What are the prime factors of 977580?
2, 3, 5, 5431
What are the prime factors of 15595?
5, 3119
What are the prime factors of 16487675?
5, 281, 2347
List the prime factors of 19226607.
3, 6408869
List the prime factors of 492304.
2, 29, 1061
List the prime factors of 1531888.
2, 67, 1429
List the prime factors of 4830680.
2, 5, 120767
List the prime factors of 17708304.
2, 3, 19, 19417
List the prime factors of 2451936.
2, 3, 25541
What are the prime factors of 33169254?
2, 3, 43, 128563
List the prime factors of 58214.
2, 13, 2239
What are the prime factors of 2406574?
2, 1203287
List the prime factors of 421673.
7, 59, 1021
List the prime factors of 6379615.
5, 11, 193, 601
What are the prime factors of 675595?
5, 135119
List the prime factors of 264910.
2, 5, 59, 449
List the prime factors of 6671931.
3, 7, 317711
What are the prime factors of 2426165?
5, 7, 103, 673
What are the prime factors of 180037?
11, 13, 1259
What are the prime factors of 859098?
2, 3, 131, 1093
List the prime factors of 4707772.
2, 1176943
List the prime factors of 801521.
7, 67, 1709
What are the prime factors of 12728261?
7, 13, 139871
What are